{"id":10108,"date":"2022-08-10T09:43:55","date_gmt":"2022-08-10T14:43:55","guid":{"rendered":"https:\/\/basicas.utp.edu.co\/matematicas\/?page_id=10030"},"modified":"2023-04-07T22:24:24","modified_gmt":"2023-04-08T03:24:24","slug":"inversion-y-financiacion","status":"publish","type":"page","link":"https:\/\/agroindustria.utp.edu.co\/maestria-en-desarrollo-agroindustrial\/inversion-y-financiacion\/","title":{"rendered":"Inversi\u00f3n y Financiaci\u00f3n"},"content":{"rendered":"\n<div class=\"wp-block-columns is-layout-flex wp-container-core-columns-is-layout-9d6595d7 wp-block-columns-is-layout-flex\"><\/div>\n\n\n\n<h2 class=\"wp-block-heading\"><strong>INVERSI\u00d3N:<\/strong><\/h2>\n\n\n\n<p><span class=\"post-content__span\"> <img loading=\"lazy\" decoding=\"async\" width=\"234\" height=\"216\" class=\"wp-image-10275\" style=\"width: 50px\" src=\"https:\/\/media2.utp.edu.co\/programas\/98\/images.png\" alt=\"\">  El PIN de inscripci\u00f3n en el programa tiene un valor de <strong>0.25 SMMLV <\/strong>(Salarios M\u00ednimos Mensuales Legales Vigentes).<\/p>\n\n\n\n<p class=\"has-text-align-left\"><span class=\"post-content__span\"> <img loading=\"lazy\" decoding=\"async\" width=\"225\" height=\"225\" class=\"wp-image-10277\" style=\"width: 80px\" src=\"https:\/\/media2.utp.edu.co\/programas\/98\/descarga-1.png\" alt=\"\" srcset=\"https:\/\/media2.utp.edu.co\/programas\/98\/descarga-1.png 225w, https:\/\/media2.utp.edu.co\/programas\/98\/descarga-1-150x150.png 150w\" sizes=\"auto, (max-width: 225px) 100vw, 225px\" \/>El programa de Maestria en Desarrollo Agroindustrial tiene un valor de <strong>6,8 SMMLV<\/strong> (Salarios M\u00ednimos Mensuales Legales Vigentes) por semestre. El programa consta de 4 semestres.<\/p>\n\n\n\n<p><span class=\"post-content__span\"> <\/p>\n\n\n\n<h2 class=\"wp-block-heading\"><strong>DESCUENTOS DISPONIBLES:<\/strong><\/h2>\n\n\n\n<p><span class=\"post-content__span\"> <img loading=\"lazy\" decoding=\"async\" width=\"800\" height=\"800\" class=\"wp-image-10279\" style=\"width: 80px\" src=\"https:\/\/media2.utp.edu.co\/programas\/98\/icono-del-descuento-mano-120523027.jpg\" alt=\"\" srcset=\"https:\/\/media2.utp.edu.co\/programas\/98\/icono-del-descuento-mano-120523027.jpg 800w, https:\/\/media2.utp.edu.co\/programas\/98\/icono-del-descuento-mano-120523027-300x300.jpg 300w, https:\/\/media2.utp.edu.co\/programas\/98\/icono-del-descuento-mano-120523027-150x150.jpg 150w, https:\/\/media2.utp.edu.co\/programas\/98\/icono-del-descuento-mano-120523027-768x768.jpg 768w\" sizes=\"auto, (max-width: 800px) 100vw, 800px\" \/>Se ofrece descuento del 10% semestral en valor matricula por ser egresado de la Universidad Tecnol\u00f3gica de Pereira y otro 10% semestral en valor matricula por contar con certificado electoral vigente.<\/p>\n\n\n\n<p><span class=\"post-content__span\"> NOTA: Si se es egresado y se cuenta con certificado electoral vigente, ambos descuentos se aplican en el valor matr\u00edcula.<\/p>\n\n\n\n<h2 class=\"wp-block-heading\"><strong>OPCIONES DE FINANCIACI\u00d3N:<\/strong><\/h2>\n\n\n\n<div data-wp-interactive=\"core\/file\" class=\"wp-block-file\"><object data-wp-bind--hidden=\"!state.hasPdfPreview\" hidden class=\"wp-block-file__embed\" data=\"https:\/\/media2.utp.edu.co\/programas\/98\/Folleto-financiacion-posgrados-Vfinal-2-2-1-1.pdf\" type=\"application\/pdf\" style=\"width:100%;height:600px\" aria-label=\"Incrustado de Folleto-financiacion-posgrados-Vfinal-2-2-1-1.\"><\/object><a id=\"wp-block-file--media-5208303a-39ce-4209-aa8e-c330d0123816\" href=\"https:\/\/media2.utp.edu.co\/programas\/98\/Folleto-financiacion-posgrados-Vfinal-2-2-1-1.pdf\">Folleto-financiacion-posgrados-Vfinal-2-2-1-1<\/a><a href=\"https:\/\/media2.utp.edu.co\/programas\/98\/Folleto-financiacion-posgrados-Vfinal-2-2-1-1.pdf\" class=\"wp-block-file__button wp-element-button\" download aria-describedby=\"wp-block-file--media-5208303a-39ce-4209-aa8e-c330d0123816\">Descarga<\/a><\/div>\n\n\n\n<p><span class=\"post-content__span\"> <\/p>\n\n\n\n<p><span class=\"post-content__span\"> A continuaci\u00f3n se muestran las opciones de financiaci\u00f3n que ofrece el FASUT:<\/p>\n\n\n<div class=\"wp-block-image\">\n<figure class=\"aligncenter size-large is-resized\"><img loading=\"lazy\" decoding=\"async\" src=\"https:\/\/media2.utp.edu.co\/programas\/98\/Informacion-fasut-1-1-1024x1024.jpeg\" alt=\"\" class=\"wp-image-10267\" width=\"587\" height=\"587\" srcset=\"https:\/\/media2.utp.edu.co\/programas\/98\/Informacion-fasut-1-1-1024x1024.jpeg 1024w, https:\/\/media2.utp.edu.co\/programas\/98\/Informacion-fasut-1-1-300x300.jpeg 300w, https:\/\/media2.utp.edu.co\/programas\/98\/Informacion-fasut-1-1-150x150.jpeg 150w, https:\/\/media2.utp.edu.co\/programas\/98\/Informacion-fasut-1-1-768x768.jpeg 768w, https:\/\/media2.utp.edu.co\/programas\/98\/Informacion-fasut-1-1.jpeg 1080w\" sizes=\"auto, (max-width: 587px) 100vw, 587px\" \/><\/figure>\n<\/div>\n\n\n<p><span class=\"post-content__span\"> En caso de inquietudes adicionales, escr\u00edbenos al <a href=\"https:\/\/api.whatsapp.com\/send\/?phone=573225270530&amp;text&amp;app_absent=0\" data-type=\"URL\" data-id=\"https:\/\/api.whatsapp.com\/send\/?phone=573225270530&amp;text&amp;app_absent=0\">whatsapp<\/a> o al correo del programa: mag-desarrolloagro@utp.edu.co<\/p>\n","protected":false},"excerpt":{"rendered":"<p>INVERSI\u00d3N: El PIN de inscripci\u00f3n en el programa tiene un valor de 0.25 SMMLV (Salarios M\u00ednimos Mensuales Legales Vigentes). El [&hellip;]<\/p>\n","protected":false},"author":1,"featured_media":0,"parent":0,"menu_order":0,"comment_status":"closed","ping_status":"closed","template":"","meta":{"footnotes":""},"class_list":["post-10108","page","type-page","status-publish","hentry"],"_links":{"self":[{"href":"https:\/\/agroindustria.utp.edu.co\/maestria-en-desarrollo-agroindustrial\/wp-json\/wp\/v2\/pages\/10108","targetHints":{"allow":["GET"]}}],"collection":[{"href":"https:\/\/agroindustria.utp.edu.co\/maestria-en-desarrollo-agroindustrial\/wp-json\/wp\/v2\/pages"}],"about":[{"href":"https:\/\/agroindustria.utp.edu.co\/maestria-en-desarrollo-agroindustrial\/wp-json\/wp\/v2\/types\/page"}],"author":[{"embeddable":true,"href":"https:\/\/agroindustria.utp.edu.co\/maestria-en-desarrollo-agroindustrial\/wp-json\/wp\/v2\/users\/1"}],"replies":[{"embeddable":true,"href":"https:\/\/agroindustria.utp.edu.co\/maestria-en-desarrollo-agroindustrial\/wp-json\/wp\/v2\/comments?post=10108"}],"version-history":[{"count":11,"href":"https:\/\/agroindustria.utp.edu.co\/maestria-en-desarrollo-agroindustrial\/wp-json\/wp\/v2\/pages\/10108\/revisions"}],"predecessor-version":[{"id":10293,"href":"https:\/\/agroindustria.utp.edu.co\/maestria-en-desarrollo-agroindustrial\/wp-json\/wp\/v2\/pages\/10108\/revisions\/10293"}],"wp:attachment":[{"href":"https:\/\/agroindustria.utp.edu.co\/maestria-en-desarrollo-agroindustrial\/wp-json\/wp\/v2\/media?parent=10108"}],"curies":[{"name":"wp","href":"https:\/\/api.w.org\/{rel}","templated":true}]}}