{"id":179,"date":"2022-11-29T11:32:47","date_gmt":"2022-11-29T16:32:47","guid":{"rendered":"https:\/\/agroindustria.utp.edu.co\/conveniomadr\/?page_id=179"},"modified":"2022-12-16T01:56:48","modified_gmt":"2022-12-16T06:56:48","slug":"san-juan-nepomuceno","status":"publish","type":"page","link":"https:\/\/agroindustria.utp.edu.co\/conveniomadr\/departamentos\/bolivar\/san-juan-nepomuceno\/","title":{"rendered":"San Juan Nepomuceno"},"content":{"rendered":"\n<div class=\"wp-block-columns has-background is-layout-flex wp-container-core-columns-is-layout-9d6595d7 wp-block-columns-is-layout-flex\" style=\"background-color:#f2f2f2\">\n<div class=\"wp-block-column is-layout-flow wp-block-column-is-layout-flow\">\n<h3 class=\"has-text-align-center has-white-color has-text-color has-background wp-block-heading\" style=\"background-color:#4c591e\">Localizaci\u00f3n y \u00e1rea geogr\u00e1fica<\/h3>\n\n\n\n<div class=\"wp-block-columns is-layout-flex wp-container-core-columns-is-layout-9d6595d7 wp-block-columns-is-layout-flex\">\n<div class=\"wp-block-column is-layout-flow wp-block-column-is-layout-flow\"><div class=\"wp-block-image\">\n<figure class=\"aligncenter size-full\"><img loading=\"lazy\" decoding=\"async\" width=\"748\" height=\"622\" src=\"https:\/\/media2.utp.edu.co\/programas\/111\/2022\/12\/1.-limites-SJN-1.jpg\" alt=\"\" class=\"wp-image-672\" srcset=\"https:\/\/media2.utp.edu.co\/programas\/111\/2022\/12\/1.-limites-SJN-1.jpg 748w, https:\/\/media2.utp.edu.co\/programas\/111\/2022\/12\/1.-limites-SJN-1-300x249.jpg 300w\" sizes=\"auto, (max-width: 748px) 100vw, 748px\" \/><\/figure>\n<\/div><\/div>\n\n\n\n<div class=\"wp-block-column is-layout-flow wp-block-column-is-layout-flow\">\n<p class=\"has-medium-font-size\">El municipio de San Juan Nepomuceno se encuentra en las coordenadas 9\u00ba 37 latitud norte y 74\u00ba 15 longitud oeste, limita por el norte con los municipios de El Guamo y Calamar, por el este con el municipio de Mahates y por el oeste los municipios de Zambrano y San Jacinto, por el sur con los municipios de San Jacinto y Mar\u00eda la Baja. <\/p>\n\n\n\n<p class=\"has-medium-font-size\">Tiene una extensi\u00f3n aproximada de 675 km\u00b2 que equivalen al 1,53% del total del departamento de Bol\u00edvar; tiene una altura de 167 msnm y est\u00e1 topogr\u00e1ficamente determinado por los Montes de Mar\u00eda, con zonas donde se presentan pendientes muy variadas y m\u00e1ximo de 50\u00ba<\/p>\n<\/div>\n<\/div>\n<\/div>\n<\/div>\n\n\n\n<div class=\"wp-block-columns has-background is-layout-flex wp-container-core-columns-is-layout-9d6595d7 wp-block-columns-is-layout-flex\" style=\"background-color:#f2f2f2\">\n<div class=\"wp-block-column is-layout-flow wp-block-column-is-layout-flow\">\n<h3 class=\"has-text-align-center has-white-color has-text-color has-background wp-block-heading\" style=\"background-color:#4c591e\">Poblaci\u00f3n y dispersi\u00f3n<\/h3>\n\n\n\n<div class=\"wp-block-columns is-layout-flex wp-container-core-columns-is-layout-9d6595d7 wp-block-columns-is-layout-flex\">\n<div class=\"wp-block-column is-layout-flow wp-block-column-is-layout-flow\"><div class=\"wp-block-image\">\n<figure class=\"aligncenter size-full\"><img loading=\"lazy\" decoding=\"async\" width=\"752\" height=\"452\" src=\"https:\/\/media2.utp.edu.co\/programas\/111\/2022\/12\/2.-Dispersion-SJN-1.jpg\" alt=\"\" class=\"wp-image-673\" srcset=\"https:\/\/media2.utp.edu.co\/programas\/111\/2022\/12\/2.-Dispersion-SJN-1.jpg 752w, https:\/\/media2.utp.edu.co\/programas\/111\/2022\/12\/2.-Dispersion-SJN-1-300x180.jpg 300w\" sizes=\"auto, (max-width: 752px) 100vw, 752px\" \/><\/figure>\n<\/div><\/div>\n\n\n\n<div class=\"wp-block-column is-layout-flow wp-block-column-is-layout-flow\">\n<p class=\"has-medium-font-size\">Seg\u00fan proyecciones del Censo Nacional de Poblaci\u00f3n y Vivienda 2018, la densidad poblacional del municipio es de 58,52 habitantes por Km<sup>2<\/sup>. Adicionalmente, el municipio tiene un total de 36.874 habitantes, en donde la zona rural del municipio alberga el 25,7% de la poblaci\u00f3n total, mientras que la zona urbana concentra el 74,3% de la poblaci\u00f3n (DANE, 2022). <\/p>\n\n\n\n<p class=\"has-medium-font-size\">Adicionalmente, presenta una distribuci\u00f3n poblacional en donde el 51,2% de la poblaci\u00f3n son hombres y el 48,8% son mujeres. En cuanto a la concentraci\u00f3n de personas por grandes grupos etarios, los adolescentes y j\u00f3venes representan la mayor cantidad a nivel del municipio. del total de habitantes, la poblaci\u00f3n ind\u00edgena a nivel municipal representa el 9,33% con mayor concentraci\u00f3n de poblaci\u00f3n negra, mulata o afrocolombiana, quienes representan el 9,21% del total de la poblaci\u00f3n de San Juan Nepomuceno<\/p>\n<\/div>\n<\/div>\n<\/div>\n<\/div>\n\n\n\n<div class=\"wp-block-columns has-background is-layout-flex wp-container-core-columns-is-layout-9d6595d7 wp-block-columns-is-layout-flex\" style=\"background-color:#f2f2f2\">\n<div class=\"wp-block-column is-layout-flow wp-block-column-is-layout-flow\">\n<h3 class=\"has-text-align-center has-white-color has-text-color has-background wp-block-heading\" style=\"background-color:#4c591e\">Cadenas productivas priorizadas en el municipio<\/h3>\n\n\n\n<div class=\"wp-block-columns is-layout-flex wp-container-core-columns-is-layout-9d6595d7 wp-block-columns-is-layout-flex\">\n<div class=\"wp-block-column is-layout-flow wp-block-column-is-layout-flow\"><div class=\"wp-block-image\">\n<figure class=\"aligncenter size-full\"><img loading=\"lazy\" decoding=\"async\" width=\"760\" height=\"423\" src=\"https:\/\/media2.utp.edu.co\/programas\/111\/2022\/12\/cultivo-name.jpg\" alt=\"\" class=\"wp-image-667\" srcset=\"https:\/\/media2.utp.edu.co\/programas\/111\/2022\/12\/cultivo-name.jpg 760w, https:\/\/media2.utp.edu.co\/programas\/111\/2022\/12\/cultivo-name-300x167.jpg 300w\" sizes=\"auto, (max-width: 760px) 100vw, 760px\" \/><\/figure>\n<\/div><\/div>\n\n\n\n<div class=\"wp-block-column is-layout-flow wp-block-column-is-layout-flow\">\n<p class=\"has-medium-font-size\">En el municipio predominan los cultivos transitorios ya que, en la vocaci\u00f3n agr\u00edcola tanto del departamento como del municipio, \u00e9stos son parte de la seguridad alimentaria no solo a nivel local y regional sino tambi\u00e9n a nivel departamental y nacional; dicha vocaci\u00f3n agr\u00edcola, tiene en San Juan Nepomuceno por su ubicaci\u00f3n geogr\u00e1fica cultivos agr\u00edcolas cosechados hist\u00f3ricamente y que son parte de las apuestas productivas del municipio. Es as\u00ed, como el \u00f1ame predomina con una producci\u00f3n del 32,5% a nivel de Zodes seguido de la yuca con el 32,1%. Se destacan tambi\u00e9n los cultivos de palma de aceite, ma\u00edz y aguacate.<\/p>\n\n\n\n<p class=\"has-medium-font-size\">De acuerdo a los resultados obtenidos en las encuestas a los 150 productores, se destaca el cultivo de \u00f1ame con un 99,3%, de las variedades espino (93,15%) y diamante (6%), con un \u00e1rea promedio cultivada de 1,1 hect\u00e1rea asociado a cultivos de aguacate, ma\u00edz, pl\u00e1tano y yuca; una altura promedio de 105 msnm<\/p>\n<\/div>\n<\/div>\n<\/div>\n<\/div>\n\n\n\n<div class=\"wp-block-columns has-background is-layout-flex wp-container-core-columns-is-layout-9d6595d7 wp-block-columns-is-layout-flex\" style=\"background-color:#f2f2f2\">\n<div class=\"wp-block-column is-layout-flow wp-block-column-is-layout-flow\">\n<h3 class=\"has-text-align-center has-white-color has-text-color has-background wp-block-heading\" style=\"background-color:#4c591e\">Producci\u00f3n org\u00e1nica y baja en carbono<\/h3>\n\n\n\n<div class=\"wp-block-columns is-layout-flex wp-container-core-columns-is-layout-9d6595d7 wp-block-columns-is-layout-flex\">\n<div class=\"wp-block-column is-layout-flow wp-block-column-is-layout-flow\"><div class=\"wp-block-image\">\n<figure class=\"aligncenter size-full\"><img loading=\"lazy\" decoding=\"async\" width=\"752\" height=\"452\" src=\"https:\/\/media2.utp.edu.co\/programas\/111\/2022\/12\/3.-produccion-org.-SJN.jpg\" alt=\"\" class=\"wp-image-674\" srcset=\"https:\/\/media2.utp.edu.co\/programas\/111\/2022\/12\/3.-produccion-org.-SJN.jpg 752w, https:\/\/media2.utp.edu.co\/programas\/111\/2022\/12\/3.-produccion-org.-SJN-300x180.jpg 300w\" sizes=\"auto, (max-width: 752px) 100vw, 752px\" \/><\/figure>\n<\/div><\/div>\n\n\n\n<div class=\"wp-block-column is-layout-flow wp-block-column-is-layout-flow\">\n<p class=\"has-medium-font-size\">En lo concerniente a la producci\u00f3n org\u00e1nica y baja en carbono, seg\u00fan resultados de los pilotos, aunque se obtuvieron bajos puntajes, se puede afirmar que el municipio posee algunos lineamientos sostenibles en favor de la protecci\u00f3n y conservaci\u00f3n del medio ambiente; adicionalmente, existe implementaci\u00f3n de estrategias de sensibilizaci\u00f3n ambiental y se han adoptado algunas pr\u00e1cticas de agricultura de conservaci\u00f3n tales como: Labranza cero, mantenimiento de una cubierta permanente del suelo, Diversificaci\u00f3n de las especies, Asociaci\u00f3n o rotaci\u00f3n de cultivo, terr\u00e1ceo, Curvas a nivel, compostaje entre otros.<\/p>\n\n\n\n<p class=\"has-medium-font-size\">Adem\u00e1s, es evidente un aprovechamiento integral del recurso h\u00eddrico, ya que, en el municipio, seg\u00fan los resultados del plan piloto, como fuente de agua utilizan principalmente agua lluvia y otras fuentes.<\/p>\n<\/div>\n<\/div>\n<\/div>\n<\/div>\n\n\n\n<div class=\"wp-block-columns has-background is-layout-flex wp-container-core-columns-is-layout-9d6595d7 wp-block-columns-is-layout-flex\" style=\"background-color:#f2f2f2\">\n<div class=\"wp-block-column is-layout-flow wp-block-column-is-layout-flow\">\n<h3 class=\"has-text-align-center has-white-color has-text-color has-background wp-block-heading\" style=\"background-color:#4c591e\">Brechas a cerrar conforme a la clasificaci\u00f3n de usuarios<\/h3>\n\n\n\n<div class=\"wp-block-columns is-layout-flex wp-container-core-columns-is-layout-9d6595d7 wp-block-columns-is-layout-flex\">\n<div class=\"wp-block-column is-layout-flow wp-block-column-is-layout-flow\"><div class=\"wp-block-image\">\n<figure class=\"aligncenter size-full\"><img loading=\"lazy\" decoding=\"async\" width=\"847\" height=\"551\" src=\"https:\/\/media2.utp.edu.co\/programas\/111\/2022\/12\/4.-brechas-SJN.jpg\" alt=\"\" class=\"wp-image-675\" srcset=\"https:\/\/media2.utp.edu.co\/programas\/111\/2022\/12\/4.-brechas-SJN.jpg 847w, https:\/\/media2.utp.edu.co\/programas\/111\/2022\/12\/4.-brechas-SJN-300x195.jpg 300w, https:\/\/media2.utp.edu.co\/programas\/111\/2022\/12\/4.-brechas-SJN-768x500.jpg 768w\" sizes=\"auto, (max-width: 847px) 100vw, 847px\" \/><figcaption>En Bol\u00edvar, San Juan Nepomuceno permite resaltar la Asociatividad con un puntaje cercano a 3 en la condici\u00f3n de promover la transformaci\u00f3n en los procesos productivos (28). Tambi\u00e9n la orientaci\u00f3n hacia la producci\u00f3n se destaca en el modelo de asociatividad (27) con una calificaci\u00f3n superior a 3 puntos. La cultura de la innovaci\u00f3n tambi\u00e9n es destacada en el subsistema de TIC con una calificaci\u00f3n de 2,5<\/figcaption><\/figure>\n<\/div>\n\n<div class=\"wp-block-image\">\n<figure class=\"aligncenter size-full\"><img loading=\"lazy\" decoding=\"async\" width=\"752\" height=\"452\" src=\"https:\/\/media2.utp.edu.co\/programas\/111\/2022\/12\/6.-ASOCIATIVIDAD-SJN.jpg\" alt=\"\" class=\"wp-image-677\" srcset=\"https:\/\/media2.utp.edu.co\/programas\/111\/2022\/12\/6.-ASOCIATIVIDAD-SJN.jpg 752w, https:\/\/media2.utp.edu.co\/programas\/111\/2022\/12\/6.-ASOCIATIVIDAD-SJN-300x180.jpg 300w\" sizes=\"auto, (max-width: 752px) 100vw, 752px\" \/><figcaption>Para el aspecto de asociatividad, la promoci\u00f3n de la asociatividad (27) fue la pregunta mejor valorada, mientras que la participaci\u00f3n en programas\/fondos (23) fue la de menor puntaje.<\/figcaption><\/figure>\n<\/div>\n\n<div class=\"wp-block-image\">\n<figure class=\"aligncenter size-full\"><img loading=\"lazy\" decoding=\"async\" width=\"816\" height=\"511\" src=\"https:\/\/media2.utp.edu.co\/programas\/111\/2022\/12\/8.-TIC-SJN.jpg\" alt=\"\" class=\"wp-image-679\" srcset=\"https:\/\/media2.utp.edu.co\/programas\/111\/2022\/12\/8.-TIC-SJN.jpg 816w, https:\/\/media2.utp.edu.co\/programas\/111\/2022\/12\/8.-TIC-SJN-300x188.jpg 300w, https:\/\/media2.utp.edu.co\/programas\/111\/2022\/12\/8.-TIC-SJN-768x481.jpg 768w\" sizes=\"auto, (max-width: 816px) 100vw, 816px\" \/><figcaption>Para el aspecto de TIC, la promoci\u00f3n de la cultura de la innovaci\u00f3n (38) fue la pregunta mejor valorada, mientras que la participaci\u00f3n en proyectos con los actores del SNIA de la regi\u00f3n relacionados con I+D+i y transferencia de tecnolog\u00eda (43) fue la de menor puntaje.<\/figcaption><\/figure>\n<\/div><\/div>\n\n\n\n<div class=\"wp-block-column is-layout-flow wp-block-column-is-layout-flow\"><div class=\"wp-block-image\">\n<figure class=\"aligncenter size-large\"><img loading=\"lazy\" decoding=\"async\" width=\"1024\" height=\"473\" src=\"https:\/\/media2.utp.edu.co\/programas\/111\/2022\/12\/5.-ASIST-TECN-SJN-1024x473.jpg\" alt=\"\" class=\"wp-image-676\" srcset=\"https:\/\/media2.utp.edu.co\/programas\/111\/2022\/12\/5.-ASIST-TECN-SJN-1024x473.jpg 1024w, https:\/\/media2.utp.edu.co\/programas\/111\/2022\/12\/5.-ASIST-TECN-SJN-300x139.jpg 300w, https:\/\/media2.utp.edu.co\/programas\/111\/2022\/12\/5.-ASIST-TECN-SJN-768x355.jpg 768w, https:\/\/media2.utp.edu.co\/programas\/111\/2022\/12\/5.-ASIST-TECN-SJN.jpg 1046w\" sizes=\"auto, (max-width: 1024px) 100vw, 1024px\" \/><figcaption>Para el aspecto de asistencia t\u00e9cnica, la promoci\u00f3n de la transformaci\u00f3n productiva (28) fue la pregunta mejor valorada, mientras que el registro de m\u00e1quinas y m\u00e9todos (56) fue la de menor puntaje.<\/figcaption><\/figure>\n<\/div>\n\n<div class=\"wp-block-image\">\n<figure class=\"aligncenter size-full\"><img loading=\"lazy\" decoding=\"async\" width=\"804\" height=\"543\" src=\"https:\/\/media2.utp.edu.co\/programas\/111\/2022\/12\/7.-membresia-SJN-1.jpg\" alt=\"\" class=\"wp-image-678\" srcset=\"https:\/\/media2.utp.edu.co\/programas\/111\/2022\/12\/7.-membresia-SJN-1.jpg 804w, https:\/\/media2.utp.edu.co\/programas\/111\/2022\/12\/7.-membresia-SJN-1-300x203.jpg 300w, https:\/\/media2.utp.edu.co\/programas\/111\/2022\/12\/7.-membresia-SJN-1-768x519.jpg 768w\" sizes=\"auto, (max-width: 804px) 100vw, 804px\" \/><figcaption>Para el municipio de San Juan Nepomuceno se encontr\u00f3 que existe un 54% de presencia de mano de obra familiar, mientras que el 60% de los encuestados manifiesta que pertenece a alguna figura colectiva agropecuaria.<\/figcaption><\/figure>\n<\/div>\n\n<div class=\"wp-block-image\">\n<figure class=\"aligncenter size-full\"><img loading=\"lazy\" decoding=\"async\" width=\"752\" height=\"452\" src=\"https:\/\/media2.utp.edu.co\/programas\/111\/2022\/12\/9.-AMBIENT-SJN.jpg\" alt=\"\" class=\"wp-image-680\" srcset=\"https:\/\/media2.utp.edu.co\/programas\/111\/2022\/12\/9.-AMBIENT-SJN.jpg 752w, https:\/\/media2.utp.edu.co\/programas\/111\/2022\/12\/9.-AMBIENT-SJN-300x180.jpg 300w\" sizes=\"auto, (max-width: 752px) 100vw, 752px\" \/><figcaption>Para el aspecto Ambiental, la implementaci\u00f3n de estrategias de sensibilizaci\u00f3n ambiental (52) fue la pregunta mejor valorada, mientras que la realizaci\u00f3n de an\u00e1lisis de agua (69) fue la de menor puntaje.<\/figcaption><\/figure>\n<\/div><\/div>\n<\/div>\n\n\n\n<div class=\"wp-block-columns is-layout-flex wp-container-core-columns-is-layout-9d6595d7 wp-block-columns-is-layout-flex\">\n<div class=\"wp-block-column is-layout-flow wp-block-column-is-layout-flow\"><div class=\"wp-block-image\">\n<figure class=\"aligncenter size-full\"><img loading=\"lazy\" decoding=\"async\" width=\"752\" height=\"452\" src=\"https:\/\/media2.utp.edu.co\/programas\/111\/2022\/12\/10.-fuente-de-agua-SJN.jpg\" alt=\"\" class=\"wp-image-681\" srcset=\"https:\/\/media2.utp.edu.co\/programas\/111\/2022\/12\/10.-fuente-de-agua-SJN.jpg 752w, https:\/\/media2.utp.edu.co\/programas\/111\/2022\/12\/10.-fuente-de-agua-SJN-300x180.jpg 300w\" sizes=\"auto, (max-width: 752px) 100vw, 752px\" \/><figcaption>Seg\u00fan los encuestados, como fuente de agua utilizan principalmente agua lluvia y otras fuentes.<\/figcaption><\/figure>\n<\/div><\/div>\n\n\n\n<div class=\"wp-block-column is-layout-flow wp-block-column-is-layout-flow\"><div class=\"wp-block-image\">\n<figure class=\"aligncenter size-full\"><img loading=\"lazy\" decoding=\"async\" width=\"752\" height=\"452\" src=\"https:\/\/media2.utp.edu.co\/programas\/111\/2022\/12\/11.-POLIT-PUBL-SJN-1.jpg\" alt=\"\" class=\"wp-image-702\" srcset=\"https:\/\/media2.utp.edu.co\/programas\/111\/2022\/12\/11.-POLIT-PUBL-SJN-1.jpg 752w, https:\/\/media2.utp.edu.co\/programas\/111\/2022\/12\/11.-POLIT-PUBL-SJN-1-300x180.jpg 300w\" sizes=\"auto, (max-width: 752px) 100vw, 752px\" \/><figcaption>Para el aspecto de Pol\u00edtica P\u00fablica, el uso apropiado del suelo (26) fue la pregunta mejor valorada, mientras que el conocimiento sobre la prestaci\u00f3n del servicio de extensi\u00f3n agropecuaria (25) fue la de menor puntaje.<\/figcaption><\/figure>\n<\/div><\/div>\n<\/div>\n<\/div>\n<\/div>\n\n\n\n<div class=\"wp-block-columns has-background is-layout-flex wp-container-core-columns-is-layout-9d6595d7 wp-block-columns-is-layout-flex\" style=\"background-color:#f2f2f2\">\n<div class=\"wp-block-column is-layout-flow wp-block-column-is-layout-flow\">\n<h3 class=\"has-text-align-center has-white-color has-text-color has-background wp-block-heading\" style=\"background-color:#4c591e\">Acceso a TIC\u2019s<\/h3>\n\n\n\n<div class=\"wp-block-columns is-layout-flex wp-container-core-columns-is-layout-9d6595d7 wp-block-columns-is-layout-flex\">\n<div class=\"wp-block-column is-layout-flow wp-block-column-is-layout-flow\"><div class=\"wp-block-image\">\n<figure class=\"aligncenter size-full\"><img loading=\"lazy\" decoding=\"async\" width=\"857\" height=\"546\" src=\"https:\/\/media2.utp.edu.co\/programas\/111\/2022\/12\/12.-acceso-a-TIC-SJN.jpg\" alt=\"\" class=\"wp-image-683\" srcset=\"https:\/\/media2.utp.edu.co\/programas\/111\/2022\/12\/12.-acceso-a-TIC-SJN.jpg 857w, https:\/\/media2.utp.edu.co\/programas\/111\/2022\/12\/12.-acceso-a-TIC-SJN-300x191.jpg 300w, https:\/\/media2.utp.edu.co\/programas\/111\/2022\/12\/12.-acceso-a-TIC-SJN-768x489.jpg 768w\" sizes=\"auto, (max-width: 857px) 100vw, 857px\" \/><\/figure>\n<\/div><\/div>\n\n\n\n<div class=\"wp-block-column is-layout-flow wp-block-column-is-layout-flow\">\n<p class=\"has-medium-font-size\">En lo concerniente al acceso a TIC\u00b4s, se obtuvo valores muy bajos; sin embargo, el uso de las TIC\u2019s como herramienta para la toma de decisi\u00f3n para la producci\u00f3n (60) fue la pregunta mejor valorada, mientras que el registro de m\u00e1quinas\/equipos y m\u00e9todos de producci\u00f3n (56) fue la de menor puntaje.<\/p>\n<\/div>\n<\/div>\n<\/div>\n<\/div>\n","protected":false},"excerpt":{"rendered":"<p>Localizaci\u00f3n y \u00e1rea geogr\u00e1fica El municipio de San Juan Nepomuceno se encuentra en las coordenadas 9\u00ba 37 latitud norte y 74\u00ba 15 longitud oeste, limita por el norte con los municipios de El Guamo y [&hellip;]<\/p>\n","protected":false},"author":37,"featured_media":0,"parent":154,"menu_order":0,"comment_status":"closed","ping_status":"closed","template":"","meta":{"footnotes":""},"class_list":["post-179","page","type-page","status-publish","hentry"],"_links":{"self":[{"href":"https:\/\/agroindustria.utp.edu.co\/conveniomadr\/wp-json\/wp\/v2\/pages\/179","targetHints":{"allow":["GET"]}}],"collection":[{"href":"https:\/\/agroindustria.utp.edu.co\/conveniomadr\/wp-json\/wp\/v2\/pages"}],"about":[{"href":"https:\/\/agroindustria.utp.edu.co\/conveniomadr\/wp-json\/wp\/v2\/types\/page"}],"author":[{"embeddable":true,"href":"https:\/\/agroindustria.utp.edu.co\/conveniomadr\/wp-json\/wp\/v2\/users\/37"}],"replies":[{"embeddable":true,"href":"https:\/\/agroindustria.utp.edu.co\/conveniomadr\/wp-json\/wp\/v2\/comments?post=179"}],"version-history":[{"count":25,"href":"https:\/\/agroindustria.utp.edu.co\/conveniomadr\/wp-json\/wp\/v2\/pages\/179\/revisions"}],"predecessor-version":[{"id":743,"href":"https:\/\/agroindustria.utp.edu.co\/conveniomadr\/wp-json\/wp\/v2\/pages\/179\/revisions\/743"}],"up":[{"embeddable":true,"href":"https:\/\/agroindustria.utp.edu.co\/conveniomadr\/wp-json\/wp\/v2\/pages\/154"}],"wp:attachment":[{"href":"https:\/\/agroindustria.utp.edu.co\/conveniomadr\/wp-json\/wp\/v2\/media?parent=179"}],"curies":[{"name":"wp","href":"https:\/\/api.w.org\/{rel}","templated":true}]}}