{"id":167,"date":"2022-11-29T11:28:49","date_gmt":"2022-11-29T16:28:49","guid":{"rendered":"https:\/\/agroindustria.utp.edu.co\/conveniomadr\/?page_id=167"},"modified":"2022-12-16T02:41:20","modified_gmt":"2022-12-16T07:41:20","slug":"rovira","status":"publish","type":"page","link":"https:\/\/agroindustria.utp.edu.co\/conveniomadr\/departamentos\/tolima\/rovira\/","title":{"rendered":"Rovira"},"content":{"rendered":"\n<div class=\"wp-block-columns has-background is-layout-flex wp-container-core-columns-is-layout-9d6595d7 wp-block-columns-is-layout-flex\" style=\"background-color:#f2f2f2\">\n<div class=\"wp-block-column is-layout-flow wp-block-column-is-layout-flow\">\n<h3 class=\"has-text-align-center has-white-color has-text-color has-background wp-block-heading\" style=\"background-color:#4c591e\">Localizaci\u00f3n y \u00e1rea geogr\u00e1fica<\/h3>\n\n\n\n<div class=\"wp-block-columns is-layout-flex wp-container-core-columns-is-layout-9d6595d7 wp-block-columns-is-layout-flex\">\n<div class=\"wp-block-column is-layout-flow wp-block-column-is-layout-flow\"><div class=\"wp-block-image\">\n<figure class=\"aligncenter size-full\"><img loading=\"lazy\" decoding=\"async\" width=\"516\" height=\"700\" src=\"https:\/\/media2.utp.edu.co\/programas\/111\/2022\/12\/1.-LIMITES-ROV.jpg\" alt=\"\" class=\"wp-image-801\" srcset=\"https:\/\/media2.utp.edu.co\/programas\/111\/2022\/12\/1.-LIMITES-ROV.jpg 516w, https:\/\/media2.utp.edu.co\/programas\/111\/2022\/12\/1.-LIMITES-ROV-221x300.jpg 221w\" sizes=\"auto, (max-width: 516px) 100vw, 516px\" \/><\/figure>\n<\/div><\/div>\n\n\n\n<div class=\"wp-block-column is-layout-flow wp-block-column-is-layout-flow\">\n<p style=\"font-size:26px\">El municipio de Rovira est\u00e1 localizado en la zona centro del Departamento del Tolima, con su cabecera municipal bajo las coordenadas de latitud 04\u00b014\u201934\u2019\u2019 Norte y longitud 75\u00b014\u201935\u2019\u2019 Oeste del meridiano de Greenwich; tiene una superficie de 733,6 Km<sup>2<\/sup>, de los cuales 1,04 Km<sup>2 <\/sup>corresponden a la zona urbana (conformada por 14 barrios) y 732,57 Km<sup>2 <\/sup>corresponden a la zona rural ( conformada por 82 veredas y 1 centro poblado); adem\u00e1s posee una altura promedio de 900 msnm (entre 600 y 3.800 msnm), con una temperatura que puede variar entre 13\u00b0C y 20,5\u00b0C y una temperatura media de 24\u00b0C. <\/p>\n\n\n\n<p style=\"font-size:26px\">Limita al norte con los municipios de Ibagu\u00e9 y Cajamarca, al occidente con el municipio de Roncesvalles, al oriente con los municipios de San Juan y Valle de San Juan, y al sur con los municipios San Antonio y Ortega<\/p>\n<\/div>\n<\/div>\n<\/div>\n<\/div>\n\n\n\n<div class=\"wp-block-columns has-background is-layout-flex wp-container-core-columns-is-layout-9d6595d7 wp-block-columns-is-layout-flex\" style=\"background-color:#f2f2f2\">\n<div class=\"wp-block-column is-layout-flow wp-block-column-is-layout-flow\">\n<h3 class=\"has-text-align-center has-white-color has-text-color has-background wp-block-heading\" style=\"background-color:#4c591e\">Poblaci\u00f3n y dispersi\u00f3n<\/h3>\n\n\n\n<div class=\"wp-block-columns is-layout-flex wp-container-core-columns-is-layout-9d6595d7 wp-block-columns-is-layout-flex\">\n<div class=\"wp-block-column is-layout-flow wp-block-column-is-layout-flow\"><div class=\"wp-block-image\">\n<figure class=\"aligncenter size-full\"><img loading=\"lazy\" decoding=\"async\" width=\"752\" height=\"452\" src=\"https:\/\/media2.utp.edu.co\/programas\/111\/2022\/12\/2.-DISPERSION-ROV.jpg\" alt=\"\" class=\"wp-image-802\" srcset=\"https:\/\/media2.utp.edu.co\/programas\/111\/2022\/12\/2.-DISPERSION-ROV.jpg 752w, https:\/\/media2.utp.edu.co\/programas\/111\/2022\/12\/2.-DISPERSION-ROV-300x180.jpg 300w\" sizes=\"auto, (max-width: 752px) 100vw, 752px\" \/><\/figure>\n<\/div><\/div>\n\n\n\n<div class=\"wp-block-column is-layout-flow wp-block-column-is-layout-flow\">\n<p class=\"has-medium-font-size\">Seg\u00fan proyecciones del Censo Nacional de Poblaci\u00f3n y Vivienda 2018, la densidad poblacional del municipio es de 29,31 habitantes por Km<sup>2<\/sup>. <\/p>\n\n\n\n<p class=\"has-medium-font-size\">Adicionalmente, el municipio tiene un total de 21.674 habitantes, en donde la zona rural del municipio alberga el 53,5% de la poblaci\u00f3n total, mientras que la zona urbana concentra el 46,5% de la poblaci\u00f3n (DANE, 2022). <\/p>\n\n\n\n<p class=\"has-medium-font-size\">Es importante resaltar que el 50,19% de la poblaci\u00f3n son ni\u00f1os, ni\u00f1as y adolescentes, el 36,27% de la poblaci\u00f3n es la potencialmente activa y el 13,54% corresponde a los adultos mayores. Con respecto a la poblaci\u00f3n \u00e9tnica el Municipio de Rovira, se tiene en total 787 habitantes, de los cuales 742 son ind\u00edgenas y 45 son de otros grupos como Raizal, Palanquera, Negra, Mulata, Afrocolombiano, Afro descendiente<\/p>\n<\/div>\n<\/div>\n<\/div>\n<\/div>\n\n\n\n<div class=\"wp-block-columns has-background is-layout-flex wp-container-core-columns-is-layout-9d6595d7 wp-block-columns-is-layout-flex\" style=\"background-color:#f2f2f2\">\n<div class=\"wp-block-column is-layout-flow wp-block-column-is-layout-flow\">\n<h3 class=\"has-text-align-center has-white-color has-text-color has-background wp-block-heading\" style=\"background-color:#4c591e\">Cadenas productivas priorizadas en el municipio<\/h3>\n\n\n\n<div class=\"wp-block-columns is-layout-flex wp-container-core-columns-is-layout-9d6595d7 wp-block-columns-is-layout-flex\">\n<div class=\"wp-block-column is-layout-flow wp-block-column-is-layout-flow\"><div class=\"wp-block-image\">\n<figure class=\"aligncenter size-full\"><img loading=\"lazy\" decoding=\"async\" width=\"482\" height=\"472\" src=\"https:\/\/media2.utp.edu.co\/programas\/111\/2022\/12\/Aguacate-2.jpg\" alt=\"\" class=\"wp-image-470\" srcset=\"https:\/\/media2.utp.edu.co\/programas\/111\/2022\/12\/Aguacate-2.jpg 482w, https:\/\/media2.utp.edu.co\/programas\/111\/2022\/12\/Aguacate-2-300x294.jpg 300w\" sizes=\"auto, (max-width: 482px) 100vw, 482px\" \/><\/figure>\n<\/div><\/div>\n\n\n\n<div class=\"wp-block-column is-layout-flow wp-block-column-is-layout-flow\">\n<p class=\"has-medium-font-size\">De acuerdo a las encuestas realizadas a los 150 productores de este municipio, el cultivo de caf\u00e9 de la variedad castillo es el m\u00e1s representativo con un 76% en un \u00e1rea promedio cultivada de 2,4 hect\u00e1reas, asociado a cultivos de ma\u00edz. <\/p>\n\n\n\n<p class=\"has-medium-font-size\">Luego, el cultivo de pl\u00e1tano representa el 73% de la variedad Com\u00fan (44%) y Dominico Harton (32%), en un \u00e1rea promedio cultivada de 1,1 hect\u00e1reas, asociados a cultivos de banano y lim\u00f3n. <\/p>\n\n\n\n<p class=\"has-medium-font-size\">Seguidamente, el cultivo de aguacate que representa el 63%, de las variedades Hass (73%), papelillo (54%), Com\u00fan (22%) y Choquete (8,5%), en un \u00e1rea promedio cultivada de 1,2 hect\u00e1reas y finalmente el cacao que representa el 27%, de las variedades Com\u00fan (36%), Criollo (17%), H\u00edbrido (56%), y CN 51 (2%), en un \u00e1rea promedio cultivada de 1 hect\u00e1reas, asociados a cultivos de aguacate. En una altura promedio de 1489 msnm.<\/p>\n<\/div>\n<\/div>\n<\/div>\n<\/div>\n\n\n\n<div class=\"wp-block-columns has-background is-layout-flex wp-container-core-columns-is-layout-9d6595d7 wp-block-columns-is-layout-flex\" style=\"background-color:#f2f2f2\">\n<div class=\"wp-block-column is-layout-flow wp-block-column-is-layout-flow\">\n<h3 class=\"has-text-align-center has-white-color has-text-color has-background wp-block-heading\" style=\"background-color:#4c591e\">Producci\u00f3n org\u00e1nica y baja en carbono<\/h3>\n\n\n\n<div class=\"wp-block-columns is-layout-flex wp-container-core-columns-is-layout-9d6595d7 wp-block-columns-is-layout-flex\">\n<div class=\"wp-block-column is-layout-flow wp-block-column-is-layout-flow\"><div class=\"wp-block-image\">\n<figure class=\"aligncenter size-full\"><img loading=\"lazy\" decoding=\"async\" width=\"752\" height=\"452\" src=\"https:\/\/media2.utp.edu.co\/programas\/111\/2022\/12\/3.-PROD.-ORG-ROV.jpg\" alt=\"\" class=\"wp-image-803\" srcset=\"https:\/\/media2.utp.edu.co\/programas\/111\/2022\/12\/3.-PROD.-ORG-ROV.jpg 752w, https:\/\/media2.utp.edu.co\/programas\/111\/2022\/12\/3.-PROD.-ORG-ROV-300x180.jpg 300w\" sizes=\"auto, (max-width: 752px) 100vw, 752px\" \/><\/figure>\n<\/div><\/div>\n\n\n\n<div class=\"wp-block-column is-layout-flow wp-block-column-is-layout-flow\">\n<p class=\"has-medium-font-size\">En lo concerniente a la producci\u00f3n org\u00e1nica y baja en carbono, seg\u00fan resultados de los pilotos, aunque se obtuvieron bajos puntajes, se puede afirmar que el municipio posee algunas iniciativas para implementar pol\u00edticas\/acciones de implementaci\u00f3n de modelos sostenibles; adicionalmente, existe implementaci\u00f3n de estrategias de econom\u00eda circular y se han adoptado algunas pr\u00e1cticas de agricultura de conservaci\u00f3n tales como: Labranza cero, mantenimiento de una cubierta permanente del suelo, Diversificaci\u00f3n de las especies, Asociaci\u00f3n o rotaci\u00f3n de cultivo, terr\u00e1ceo, Curvas a nivel, compostaje entre otros. <\/p>\n\n\n\n<p class=\"has-medium-font-size\">En contraste, es evidente el poco aprovechamiento integral del recurso h\u00eddrico, ya que, en el municipio, seg\u00fan los resultados del plan piloto, como fuente de agua utilizan principalmente agua de nacimiento y acueducto.<\/p>\n<\/div>\n<\/div>\n<\/div>\n<\/div>\n\n\n\n<div class=\"wp-block-columns has-background is-layout-flex wp-container-core-columns-is-layout-9d6595d7 wp-block-columns-is-layout-flex\" style=\"background-color:#f2f2f2\">\n<div class=\"wp-block-column is-layout-flow wp-block-column-is-layout-flow\">\n<h3 class=\"has-text-align-center has-white-color has-text-color has-background wp-block-heading\" style=\"background-color:#4c591e\">Brechas a cerrar conforme a la clasificaci\u00f3n de usuarios<\/h3>\n\n\n\n<div class=\"wp-block-columns is-layout-flex wp-container-core-columns-is-layout-9d6595d7 wp-block-columns-is-layout-flex\">\n<div class=\"wp-block-column is-layout-flow wp-block-column-is-layout-flow\"><div class=\"wp-block-image\">\n<figure class=\"aligncenter size-full\"><img loading=\"lazy\" decoding=\"async\" width=\"847\" height=\"551\" src=\"https:\/\/media2.utp.edu.co\/programas\/111\/2022\/12\/4.-BRECHAS-ROV.jpg\" alt=\"\" class=\"wp-image-804\" srcset=\"https:\/\/media2.utp.edu.co\/programas\/111\/2022\/12\/4.-BRECHAS-ROV.jpg 847w, https:\/\/media2.utp.edu.co\/programas\/111\/2022\/12\/4.-BRECHAS-ROV-300x195.jpg 300w, https:\/\/media2.utp.edu.co\/programas\/111\/2022\/12\/4.-BRECHAS-ROV-768x500.jpg 768w\" sizes=\"auto, (max-width: 847px) 100vw, 847px\" \/><figcaption>El aspecto TIC en el municipio de Rovira (Tolima) recibi\u00f3 puntajes m\u00e1s altos que la mayor\u00eda de los otros municipios estudiados en la muestra. Las acciones para la promoci\u00f3n de la investigaci\u00f3n (34) y la construcci\u00f3n de una cultura de la innovaci\u00f3n (38) recibieron calificaciones por encima de 2 puntos. La categor\u00eda Ambiental obtuvo puntajes m\u00e1s bajos dentro del municipio. Por ejemplo, el estudio del agua (69) recibi\u00f3 una valoraci\u00f3n de 1,2.<\/figcaption><\/figure>\n<\/div>\n\n<div class=\"wp-block-image\">\n<figure class=\"aligncenter size-full\"><img loading=\"lazy\" decoding=\"async\" width=\"752\" height=\"452\" src=\"https:\/\/media2.utp.edu.co\/programas\/111\/2022\/12\/6.-ASOCIAT-ROV.jpg\" alt=\"\" class=\"wp-image-806\" srcset=\"https:\/\/media2.utp.edu.co\/programas\/111\/2022\/12\/6.-ASOCIAT-ROV.jpg 752w, https:\/\/media2.utp.edu.co\/programas\/111\/2022\/12\/6.-ASOCIAT-ROV-300x180.jpg 300w\" sizes=\"auto, (max-width: 752px) 100vw, 752px\" \/><figcaption>Para el aspecto de asociatividad, la promoci\u00f3n de la asociatividad (27) fue la pregunta mejor valorada, mientras que la participaci\u00f3n en programas\/fondos (23) fue la de menor puntaje.<\/figcaption><\/figure>\n<\/div>\n\n<div class=\"wp-block-image\">\n<figure class=\"aligncenter size-full\"><img loading=\"lazy\" decoding=\"async\" width=\"752\" height=\"452\" src=\"https:\/\/media2.utp.edu.co\/programas\/111\/2022\/12\/8.-TIC-ROV.jpg\" alt=\"\" class=\"wp-image-808\" srcset=\"https:\/\/media2.utp.edu.co\/programas\/111\/2022\/12\/8.-TIC-ROV.jpg 752w, https:\/\/media2.utp.edu.co\/programas\/111\/2022\/12\/8.-TIC-ROV-300x180.jpg 300w\" sizes=\"auto, (max-width: 752px) 100vw, 752px\" \/><figcaption>Para el aspecto de TIC, la promoci\u00f3n de la cultura de la innovaci\u00f3n (38) fue la pregunta mejor valorada, mientras que el uso de TIC\u2019S como herramienta para la toma de decisi\u00f3n para la producci\u00f3n (60) fue la de menor puntaje.<\/figcaption><\/figure>\n<\/div><\/div>\n\n\n\n<div class=\"wp-block-column is-layout-flow wp-block-column-is-layout-flow\"><div class=\"wp-block-image\">\n<figure class=\"aligncenter size-large\"><img loading=\"lazy\" decoding=\"async\" width=\"1024\" height=\"515\" src=\"https:\/\/media2.utp.edu.co\/programas\/111\/2022\/12\/5.-ASIST-TECN-ROV-1024x515.jpg\" alt=\"\" class=\"wp-image-805\" srcset=\"https:\/\/media2.utp.edu.co\/programas\/111\/2022\/12\/5.-ASIST-TECN-ROV-1024x515.jpg 1024w, https:\/\/media2.utp.edu.co\/programas\/111\/2022\/12\/5.-ASIST-TECN-ROV-300x151.jpg 300w, https:\/\/media2.utp.edu.co\/programas\/111\/2022\/12\/5.-ASIST-TECN-ROV-768x387.jpg 768w, https:\/\/media2.utp.edu.co\/programas\/111\/2022\/12\/5.-ASIST-TECN-ROV.jpg 1059w\" sizes=\"auto, (max-width: 1024px) 100vw, 1024px\" \/><figcaption>Para el aspecto de asistencia t\u00e9cnica, la percepci\u00f3n de que El Servicio de Extensi\u00f3n Agropecuaria que se presta, es acorde con las necesidades de los sectores productivos que actualmente existen (36) fue la pregunta mejor valorada, mientras que el registro de m\u00e1quinas y m\u00e9todos (56) fue la de menor puntaje.<\/figcaption><\/figure>\n<\/div>\n\n<div class=\"wp-block-image\">\n<figure class=\"aligncenter size-full\"><img loading=\"lazy\" decoding=\"async\" width=\"882\" height=\"574\" src=\"https:\/\/media2.utp.edu.co\/programas\/111\/2022\/12\/7.-MEMBRESIA-ROV.jpg\" alt=\"\" class=\"wp-image-807\" srcset=\"https:\/\/media2.utp.edu.co\/programas\/111\/2022\/12\/7.-MEMBRESIA-ROV.jpg 882w, https:\/\/media2.utp.edu.co\/programas\/111\/2022\/12\/7.-MEMBRESIA-ROV-300x195.jpg 300w, https:\/\/media2.utp.edu.co\/programas\/111\/2022\/12\/7.-MEMBRESIA-ROV-768x500.jpg 768w\" sizes=\"auto, (max-width: 882px) 100vw, 882px\" \/><figcaption>Para el municipio de Rovira se encontr\u00f3 que existe un 75% de presencia de mano de obra familiar, mientras que 82% de los encuestados manifiesta que pertenece a alguna figura colectiva agropecuaria.<\/figcaption><\/figure>\n<\/div>\n\n<div class=\"wp-block-image\">\n<figure class=\"aligncenter size-full\"><img loading=\"lazy\" decoding=\"async\" width=\"752\" height=\"452\" src=\"https:\/\/media2.utp.edu.co\/programas\/111\/2022\/12\/9.-AMBIENT-ROV.jpg\" alt=\"\" class=\"wp-image-809\" srcset=\"https:\/\/media2.utp.edu.co\/programas\/111\/2022\/12\/9.-AMBIENT-ROV.jpg 752w, https:\/\/media2.utp.edu.co\/programas\/111\/2022\/12\/9.-AMBIENT-ROV-300x180.jpg 300w\" sizes=\"auto, (max-width: 752px) 100vw, 752px\" \/><figcaption>Para el aspecto Ambiental, la aplicaci\u00f3n de pol\u00edticas\/acciones de implementaci\u00f3n de modelos sostenibles (48) fue la pregunta mejor valorada, mientras que la realizaci\u00f3n de an\u00e1lisis de agua (69) fue la de menor puntaje.<\/figcaption><\/figure>\n<\/div><\/div>\n<\/div>\n\n\n\n<div class=\"wp-block-columns is-layout-flex wp-container-core-columns-is-layout-9d6595d7 wp-block-columns-is-layout-flex\">\n<div class=\"wp-block-column is-layout-flow wp-block-column-is-layout-flow\"><div class=\"wp-block-image\">\n<figure class=\"aligncenter size-full\"><img loading=\"lazy\" decoding=\"async\" width=\"854\" height=\"569\" src=\"https:\/\/media2.utp.edu.co\/programas\/111\/2022\/12\/10.-FUENTE-AGUA-ROV.jpg\" alt=\"\" class=\"wp-image-810\" srcset=\"https:\/\/media2.utp.edu.co\/programas\/111\/2022\/12\/10.-FUENTE-AGUA-ROV.jpg 854w, https:\/\/media2.utp.edu.co\/programas\/111\/2022\/12\/10.-FUENTE-AGUA-ROV-300x200.jpg 300w, https:\/\/media2.utp.edu.co\/programas\/111\/2022\/12\/10.-FUENTE-AGUA-ROV-768x512.jpg 768w\" sizes=\"auto, (max-width: 854px) 100vw, 854px\" \/><figcaption>Seg\u00fan los encuestados, como fuente de agua utilizan principalmente agua de nacimiento y acueducto.<\/figcaption><\/figure>\n<\/div><\/div>\n\n\n\n<div class=\"wp-block-column is-layout-flow wp-block-column-is-layout-flow\"><div class=\"wp-block-image\">\n<figure class=\"aligncenter size-full\"><img loading=\"lazy\" decoding=\"async\" width=\"752\" height=\"452\" src=\"https:\/\/media2.utp.edu.co\/programas\/111\/2022\/12\/11.-POLIT-PUBL-ROV.jpg\" alt=\"\" class=\"wp-image-811\" srcset=\"https:\/\/media2.utp.edu.co\/programas\/111\/2022\/12\/11.-POLIT-PUBL-ROV.jpg 752w, https:\/\/media2.utp.edu.co\/programas\/111\/2022\/12\/11.-POLIT-PUBL-ROV-300x180.jpg 300w\" sizes=\"auto, (max-width: 752px) 100vw, 752px\" \/><figcaption>Para el aspecto de Pol\u00edtica P\u00fablica, el uso apropiado del suelo (26) fue la pregunta mejor valorada, mientras que la promoci\u00f3n y ejecuci\u00f3n de programas de diversificaci\u00f3n productiva (32) fue la de menor puntaje.<\/figcaption><\/figure>\n<\/div><\/div>\n<\/div>\n<\/div>\n<\/div>\n\n\n\n<div class=\"wp-block-columns has-background is-layout-flex wp-container-core-columns-is-layout-9d6595d7 wp-block-columns-is-layout-flex\" style=\"background-color:#f2f2f2\">\n<div class=\"wp-block-column is-layout-flow wp-block-column-is-layout-flow\">\n<h3 class=\"has-text-align-center has-white-color has-text-color has-background wp-block-heading\" style=\"background-color:#4c591e\">Acceso a TIC\u2019s<\/h3>\n\n\n\n<div class=\"wp-block-columns is-layout-flex wp-container-core-columns-is-layout-9d6595d7 wp-block-columns-is-layout-flex\">\n<div class=\"wp-block-column is-layout-flow wp-block-column-is-layout-flow\"><div class=\"wp-block-image\">\n<figure class=\"aligncenter size-full\"><img loading=\"lazy\" decoding=\"async\" width=\"584\" height=\"521\" src=\"https:\/\/media2.utp.edu.co\/programas\/111\/2022\/12\/12.-ACCESO-TIC-ROV.jpg\" alt=\"\" class=\"wp-image-812\" srcset=\"https:\/\/media2.utp.edu.co\/programas\/111\/2022\/12\/12.-ACCESO-TIC-ROV.jpg 584w, https:\/\/media2.utp.edu.co\/programas\/111\/2022\/12\/12.-ACCESO-TIC-ROV-300x268.jpg 300w\" sizes=\"auto, (max-width: 584px) 100vw, 584px\" \/><\/figure>\n<\/div><\/div>\n\n\n\n<div class=\"wp-block-column is-layout-flow wp-block-column-is-layout-flow\">\n<p class=\"has-medium-font-size\">En lo concerniente al acceso a TIC\u00b4s, se obtuvo valores muy bajos; sin embargo, el uso de TICS como herramienta para la toma de decisi\u00f3n para la producci\u00f3n (60) fue la pregunta mejor valorada, mientras que el registro de m\u00e1quinas\/equipos y m\u00e9todos de producci\u00f3n (56) fue la de menor puntaje.<\/p>\n<\/div>\n<\/div>\n<\/div>\n<\/div>\n","protected":false},"excerpt":{"rendered":"<p>Localizaci\u00f3n y \u00e1rea geogr\u00e1fica El municipio de Rovira est\u00e1 localizado en la zona centro del Departamento del Tolima, con su cabecera municipal bajo las coordenadas de latitud 04\u00b014\u201934\u2019\u2019 Norte y longitud 75\u00b014\u201935\u2019\u2019 Oeste del meridiano [&hellip;]<\/p>\n","protected":false},"author":37,"featured_media":0,"parent":162,"menu_order":0,"comment_status":"closed","ping_status":"closed","template":"","meta":{"footnotes":""},"class_list":["post-167","page","type-page","status-publish","hentry"],"_links":{"self":[{"href":"https:\/\/agroindustria.utp.edu.co\/conveniomadr\/wp-json\/wp\/v2\/pages\/167","targetHints":{"allow":["GET"]}}],"collection":[{"href":"https:\/\/agroindustria.utp.edu.co\/conveniomadr\/wp-json\/wp\/v2\/pages"}],"about":[{"href":"https:\/\/agroindustria.utp.edu.co\/conveniomadr\/wp-json\/wp\/v2\/types\/page"}],"author":[{"embeddable":true,"href":"https:\/\/agroindustria.utp.edu.co\/conveniomadr\/wp-json\/wp\/v2\/users\/37"}],"replies":[{"embeddable":true,"href":"https:\/\/agroindustria.utp.edu.co\/conveniomadr\/wp-json\/wp\/v2\/comments?post=167"}],"version-history":[{"count":12,"href":"https:\/\/agroindustria.utp.edu.co\/conveniomadr\/wp-json\/wp\/v2\/pages\/167\/revisions"}],"predecessor-version":[{"id":822,"href":"https:\/\/agroindustria.utp.edu.co\/conveniomadr\/wp-json\/wp\/v2\/pages\/167\/revisions\/822"}],"up":[{"embeddable":true,"href":"https:\/\/agroindustria.utp.edu.co\/conveniomadr\/wp-json\/wp\/v2\/pages\/162"}],"wp:attachment":[{"href":"https:\/\/agroindustria.utp.edu.co\/conveniomadr\/wp-json\/wp\/v2\/media?parent=167"}],"curies":[{"name":"wp","href":"https:\/\/api.w.org\/{rel}","templated":true}]}}